{"id":9,"date":"2016-07-21T12:02:51","date_gmt":"2016-07-21T10:02:51","guid":{"rendered":"http:\/\/harmonia-zmyslow.pl\/?page_id=9"},"modified":"2016-07-21T13:33:23","modified_gmt":"2016-07-21T11:33:23","slug":"o-nas","status":"publish","type":"page","link":"https:\/\/harmonia-zmyslow.pl\/index.php\/o-nas\/","title":{"rendered":"o nas"},"content":{"rendered":"<p style=\"text-align: justify;\"><strong><img loading=\"lazy\" decoding=\"async\" class=\"wp-image-56 aligncenter\" src=\"http:\/\/harmonia-zmyslow.pl\/wp-content\/uploads\/2016\/07\/o-nas-300x42.png\" alt=\"o nas\" width=\"586\" height=\"82\" srcset=\"https:\/\/harmonia-zmyslow.pl\/wp-content\/uploads\/2016\/07\/o-nas-300x42.png 300w, https:\/\/harmonia-zmyslow.pl\/wp-content\/uploads\/2016\/07\/o-nas.png 580w\" sizes=\"(max-width: 586px) 100vw, 586px\" \/><\/strong><\/p>\n<p style=\"text-align: justify;\"><strong>Zesp\u00f3\u0142 i zadania<\/strong><\/p>\n<p style=\"text-align: justify;\"><strong>Gabinet kosmetyczny &amp; Mini Day SPA \u201eHarmonia zmys\u0142\u00f3w\u201d <\/strong>powsta\u0142 w 2008 roku w centrum <strong>Augustowa<\/strong>. Za\u0142o\u017cycielk\u0105 jest <strong>Justyna Mr\u00f3z-Piekarska<\/strong> \u2013 licencjonowana kosmetolog z wieloletnim do\u015bwiadczeniem. Zajmuje si\u0119 g\u0142\u00f3wnie <strong>piel\u0119gnacj\u0105 twarzy, sk\u00f3rami problematycznymi i technikami Healthy-aging<\/strong>, kt\u00f3re maj\u0105 za zadanie op\u00f3\u017ani\u0107 efekty starzenia si\u0119 sk\u00f3ry i organizmu.<\/p>\n<p style=\"text-align: justify;\">Wykonujemy r\u00f3wnie\u017c zabiegi z zakresu <strong>podologii, stylizacji paznokci, makija\u017cu permanentnego, wiza\u017cu i masa\u017cy<\/strong>. W Gabinecie wyznajemy zasad\u0119, \u017ce ka\u017cdy potrzebuje swojego eksperta, kt\u00f3ry b\u0119dzie potrafi\u0142 o Nas zadba\u0107 i sprawi, \u017ce za ka\u017cdym razem gdy spogl\u0105damy w lustro, na Naszej twarzy pojawia si\u0119 u\u015bmiech.<\/p>\n<p style=\"text-align: justify;\"><strong>Cel Gabinetu<\/strong><\/p>\n<p style=\"text-align: justify;\">Gabinet \u201eHarmonia zmys\u0142\u00f3w\u201d nie jest kolejnym salonem kosmetycznym nie wyr\u00f3\u017cniaj\u0105cym si\u0119 niczym od innych salon\u00f3w. Gabinet\u00a0 powsta\u0142 z my\u015bl\u0105 o Tych, kt\u00f3rzy ceni\u0105 sobie profesjonalizm, wygod\u0119 i obs\u0142ug\u0119 na najwy\u017cszym poziomie, dla Tych , kt\u00f3rzy dobrze wiedz\u0105 co to styl, klasa, jako\u015b\u0107 i luksus. <strong>Kosmetologia to nasza pasja<\/strong>. Dlatego do ka\u017cdego klienta podchodzimy indywidualnie. Gabinet \u201eHarmonia zmys\u0142\u00f3w\u201d to nie salon kosmetyczny, to odpowied\u017a na \u00a0potrzeby Twojej sk\u00f3ry.<\/p>\n<p style=\"text-align: justify;\"><strong>Oferta<\/strong><\/p>\n<p style=\"text-align: justify;\">Szeroki zakres zabieg\u00f3w umo\u017cliwia dobranie odpowiednich technik zabiegowych dla ka\u017cdego. Od <strong>zabieg\u00f3w oczyszczaj\u0105cych<\/strong>, nawil\u017caj\u0105cych i odm\u0142adzaj\u0105cych na twarz przez <strong>zabiegi aparaturowe, laserowe, kwasy medyczne<\/strong>, <strong>mezoterapi\u0119 <\/strong>zar\u00f3wno<strong> mikroig\u0142ow\u0105 jak i bezig\u0142ow\u0105<\/strong>, wszelkie zabiegi maj\u0105ce na celu odm\u0142odzenie sk\u00f3ry z zakresu <strong>medycyny estetycznej<\/strong>, po\u00a0 <strong>piel\u0119gnacj\u0119 d\u0142oni<\/strong>, <strong>st\u00f3p<\/strong>, <strong>cia\u0142a<\/strong> oraz <strong>stylizacj\u0119 okolicy oka<\/strong>.<\/p>\n<p style=\"text-align: justify;\"><strong>Nasz rozw\u00f3j<\/strong><\/p>\n<p style=\"text-align: justify;\">Wielokrotnie uczestniczy\u0142y\u015bmy i nadal czynnie bierzemy udzia\u0142 w <strong>targach<\/strong> i <strong>konferencjach bran\u017cowych<\/strong>, nieustannie podnosimy swoje kwalifikacje. Ch\u0119tnie uczestniczymy w <strong>kursach i szkoleniach<\/strong>, niejednokrotnie te\u017c same szkolimy inne panie na <strong>lekcjach makija\u017cu czy piel\u0119gnacji<\/strong> <strong>twarzy <\/strong>prowadzonych w Naszym Gabinecie.<\/p>\n<p style=\"text-align: justify;\"><strong>Miejsce<\/strong><\/p>\n<p style=\"text-align: justify;\">Przytulne miejsce i mi\u0142a atmosfera sprawia, \u017ce klienci ch\u0119tnie wracaj\u0105. Wystr\u00f3j Gabinetu sprawia, \u017ce ka\u017cdy czuje si\u0119 tu ekskluzywnie, a domowa atmosfera, <strong>profesjonalizm i<\/strong> <strong>wysoka jako\u015b\u0107 us\u0142ug<\/strong> sprawia, \u017ce spotkanie przep\u0142ywa w aurze pewnej wyj\u0105tkowo\u015bci. Dodatkowo przed Gabinetem znajduj\u0105 si\u0119 <strong>miejsca parkingowe<\/strong>, co w dzisiejszych czasach jest bardzo istotne. Jeste\u015bmy dumni, \u017ce przez tyle lat istnienia Gabinetu, zdoby\u0142y\u015bmy <strong>szerokie grono zaufanych klient\u00f3w<\/strong>, kt\u00f3re z ka\u017cdym dniem si\u0119 poszerza.<\/p>\n<p style=\"text-align: justify;\">Pracujemy na kosmetykach z najwy\u017cszej p\u00f3\u0142ki: Image SkinCare, Dibi Milano, Olos, Invex Remedies, Sesderma, Genosys, O.P.I, Allpresan, Mama Mio, Promineral<strong><em>,<\/em><\/strong> Swederm, St.Tropez.<\/p>\n<p>&nbsp;<\/p>\n","protected":false},"excerpt":{"rendered":"<p>Zesp\u00f3\u0142 i zadania Gabinet kosmetyczny &amp; Mini Day SPA \u201eHarmonia zmys\u0142\u00f3w\u201d powsta\u0142 w 2008 roku w centrum Augustowa. Za\u0142o\u017cycielk\u0105 jest Justyna Mr\u00f3z-Piekarska \u2013 licencjonowana kosmetolog z wieloletnim do\u015bwiadczeniem. Zajmuje si\u0119 g\u0142\u00f3wnie piel\u0119gnacj\u0105 twarzy, sk\u00f3rami problematycznymi i technikami Healthy-aging, kt\u00f3re maj\u0105 za zadanie op\u00f3\u017ani\u0107 efekty starzenia si\u0119 sk\u00f3ry i organizmu. Wykonujemy r\u00f3wnie\u017c zabiegi z zakresu podologii, [&hellip;]<\/p>\n","protected":false},"author":1,"featured_media":0,"parent":0,"menu_order":0,"comment_status":"closed","ping_status":"closed","template":"","meta":{"_et_pb_use_builder":"","_et_pb_old_content":"","_et_gb_content_width":"","footnotes":""},"_links":{"self":[{"href":"https:\/\/harmonia-zmyslow.pl\/index.php\/wp-json\/wp\/v2\/pages\/9"}],"collection":[{"href":"https:\/\/harmonia-zmyslow.pl\/index.php\/wp-json\/wp\/v2\/pages"}],"about":[{"href":"https:\/\/harmonia-zmyslow.pl\/index.php\/wp-json\/wp\/v2\/types\/page"}],"author":[{"embeddable":true,"href":"https:\/\/harmonia-zmyslow.pl\/index.php\/wp-json\/wp\/v2\/users\/1"}],"replies":[{"embeddable":true,"href":"https:\/\/harmonia-zmyslow.pl\/index.php\/wp-json\/wp\/v2\/comments?post=9"}],"version-history":[{"count":6,"href":"https:\/\/harmonia-zmyslow.pl\/index.php\/wp-json\/wp\/v2\/pages\/9\/revisions"}],"predecessor-version":[{"id":60,"href":"https:\/\/harmonia-zmyslow.pl\/index.php\/wp-json\/wp\/v2\/pages\/9\/revisions\/60"}],"wp:attachment":[{"href":"https:\/\/harmonia-zmyslow.pl\/index.php\/wp-json\/wp\/v2\/media?parent=9"}],"curies":[{"name":"wp","href":"https:\/\/api.w.org\/{rel}","templated":true}]}}

<p style="text-align: justify;"><strong><img loading="lazy" decoding="async" class="wp-image-56 aligncenter" src="http://harmonia-zmyslow.pl/wp-content/uploads/2016/07/o-nas-300x42.png" alt="o nas" width="586" height="82" srcset="https://harmonia-zmyslow.pl/wp-content/uploads/2016/07/o-nas-300x42.png 300w, https://harmonia-zmyslow.pl/wp-content/uploads/2016/07/o-nas.png 580w" sizes="(max-width: 586px) 100vw, 586px" /></strong></p>
<p style="text-align: justify;"><strong>Zespół i zadania</strong></p>
<p style="text-align: justify;"><strong>Gabinet kosmetyczny &amp; Mini Day SPA „Harmonia zmysłów” </strong>powstał w 2008 roku w centrum <strong>Augustowa</strong>. Założycielką jest <strong>Justyna Mróz-Piekarska</strong> – licencjonowana kosmetolog z wieloletnim doświadczeniem. Zajmuje się głównie <strong>pielęgnacją twarzy, skórami problematycznymi i technikami Healthy-aging</strong>, które mają za zadanie opóźnić efekty starzenia się skóry i organizmu.</p>
<p style="text-align: justify;">Wykonujemy również zabiegi z zakresu <strong>podologii, stylizacji paznokci, makijażu permanentnego, wizażu i masaży</strong>. W Gabinecie wyznajemy zasadę, że każdy potrzebuje swojego eksperta, który będzie potrafił o Nas zadbać i sprawi, że za każdym razem gdy spoglądamy w lustro, na Naszej twarzy pojawia się uśmiech.</p>
<p style="text-align: justify;"><strong>Cel Gabinetu</strong></p>
<p style="text-align: justify;">Gabinet „Harmonia zmysłów” nie jest kolejnym salonem kosmetycznym nie wyróżniającym się niczym od innych salonów. Gabinet  powstał z myślą o Tych, którzy cenią sobie profesjonalizm, wygodę i obsługę na najwyższym poziomie, dla Tych , którzy dobrze wiedzą co to styl, klasa, jakość i luksus. <strong>Kosmetologia to nasza pasja</strong>. Dlatego do każdego klienta podchodzimy indywidualnie. Gabinet „Harmonia zmysłów” to nie salon kosmetyczny, to odpowiedź na  potrzeby Twojej skóry.</p>
<p style="text-align: justify;"><strong>Oferta</strong></p>
<p style="text-align: justify;">Szeroki zakres zabiegów umożliwia dobranie odpowiednich technik zabiegowych dla każdego. Od <strong>zabiegów oczyszczających</strong>, nawilżających i odmładzających na twarz przez <strong>zabiegi aparaturowe, laserowe, kwasy medyczne</strong>, <strong>mezoterapię </strong>zarówno<strong> mikroigłową jak i bezigłową</strong>, wszelkie zabiegi mające na celu odmłodzenie skóry z zakresu <strong>medycyny estetycznej</strong>, po  <strong>pielęgnację dłoni</strong>, <strong>stóp</strong>, <strong>ciała</strong> oraz <strong>stylizację okolicy oka</strong>.</p>
<p style="text-align: justify;"><strong>Nasz rozwój</strong></p>
<p style="text-align: justify;">Wielokrotnie uczestniczyłyśmy i nadal czynnie bierzemy udział w <strong>targach</strong> i <strong>konferencjach branżowych</strong>, nieustannie podnosimy swoje kwalifikacje. Chętnie uczestniczymy w <strong>kursach i szkoleniach</strong>, niejednokrotnie też same szkolimy inne panie na <strong>lekcjach makijażu czy pielęgnacji</strong> <strong>twarzy </strong>prowadzonych w Naszym Gabinecie.</p>
<p style="text-align: justify;"><strong>Miejsce</strong></p>
<p style="text-align: justify;">Przytulne miejsce i miła atmosfera sprawia, że klienci chętnie wracają. Wystrój Gabinetu sprawia, że każdy czuje się tu ekskluzywnie, a domowa atmosfera, <strong>profesjonalizm i</strong> <strong>wysoka jakość usług</strong> sprawia, że spotkanie przepływa w aurze pewnej wyjątkowości. Dodatkowo przed Gabinetem znajdują się <strong>miejsca parkingowe</strong>, co w dzisiejszych czasach jest bardzo istotne. Jesteśmy dumni, że przez tyle lat istnienia Gabinetu, zdobyłyśmy <strong>szerokie grono zaufanych klientów</strong>, które z każdym dniem się poszerza.</p>
<p style="text-align: justify;">Pracujemy na kosmetykach z najwyższej półki: Image SkinCare, Dibi Milano, Olos, Invex Remedies, Sesderma, Genosys, O.P.I, Allpresan, Mama Mio, Promineral<strong><em>,</em></strong> Swederm, St.Tropez.</p>
<p>&nbsp;</p>

<p>Zespół i zadania Gabinet kosmetyczny &amp; Mini Day SPA „Harmonia zmysłów” powstał w 2008 roku w centrum Augustowa. Założycielką jest Justyna Mróz-Piekarska – licencjonowana kosmetolog z wieloletnim doświadczeniem. Zajmuje się głównie pielęgnacją twarzy, skórami problematycznymi i technikami Healthy-aging, które mają za zadanie opóźnić efekty starzenia się skóry i organizmu. Wykonujemy również zabiegi z zakresu podologii, [&hellip;]</p>
