{"id":697,"date":"2019-10-20T12:32:21","date_gmt":"2019-10-20T10:32:21","guid":{"rendered":"http:\/\/harmonia-zmyslow.pl\/?page_id=697"},"modified":"2021-12-06T17:25:09","modified_gmt":"2021-12-06T16:25:09","slug":"emerge-2","status":"publish","type":"page","link":"https:\/\/harmonia-zmyslow.pl\/index.php\/emerge-2\/","title":{"rendered":"Emerge"},"content":{"rendered":"<h3><img loading=\"lazy\" decoding=\"async\" class=\"size-medium wp-image-189 aligncenter\" src=\"http:\/\/harmonia-zmyslow.pl\/wp-content\/uploads\/2016\/08\/Emerge-287x300.png\" alt=\"Emerge\" width=\"287\" height=\"300\" srcset=\"https:\/\/harmonia-zmyslow.pl\/wp-content\/uploads\/2016\/08\/Emerge-287x300.png 287w, https:\/\/harmonia-zmyslow.pl\/wp-content\/uploads\/2016\/08\/Emerge.png 499w\" sizes=\"(max-width: 287px) 100vw, 287px\" \/><\/h3>\n<h3><span style=\"font-size: medium;\">Jak dzia\u0142a laser Emerge&#x2122;?<\/span><\/h3>\n<p>Zabieg oddzia\u0142uje na popraw\u0119 g\u0119sto\u015bci sk\u00f3ry, skutecznie redukuje drobne zmarszczki. Usuwa i redukuje powierzchniowe niedoskona\u0142o\u015bci sk\u00f3ry. Jest bezpieczny, nie narusza otaczaj\u0105cych tkanek ani naczy\u0144 krwiono\u015bnych.<\/p>\n<p>Dzia\u0142anie lasera Emerge&#x2122; powoduje g\u0142\u0119bok\u0105 regeneracj\u0119 sk\u00f3ry. Laser ten wykonuje<br \/>\nresurfacing, stosuj\u0105c energi\u0119 w postaci mikrowi\u0105zek \u015bwiat\u0142a, kt\u00f3re w kontrolowany spos\u00f3b uszkadzaj\u0105 wybrane obszary nask\u00f3rka i sk\u00f3ry w\u0142a\u015bciwej. Naturalny proces gojenia si\u0119 sk\u00f3ry prowokuje proces, w kt\u00f3rym uszkodzone kom\u00f3rki sk\u00f3ry zast\u0119powane s\u0105 przez now\u0105, zdrow\u0105 tkank\u0119. Efektem tego jest zdrowsza i m\u0142odziej wygl\u0105daj\u0105ca sk\u00f3ra.<\/p>\n<div class=\"wpb_text_column wpb_content_element \">\n<div class=\"wpb_wrapper\">\n\n\t\t<style type=\"text\/css\">\n\t\t\t#gallery-1 {\n\t\t\t\tmargin: auto;\n\t\t\t}\n\t\t\t#gallery-1 .gallery-item {\n\t\t\t\tfloat: left;\n\t\t\t\tmargin-top: 10px;\n\t\t\t\ttext-align: center;\n\t\t\t\twidth: 33%;\n\t\t\t}\n\t\t\t#gallery-1 img {\n\t\t\t\tborder: 2px solid #cfcfcf;\n\t\t\t}\n\t\t\t#gallery-1 .gallery-caption {\n\t\t\t\tmargin-left: 0;\n\t\t\t}\n\t\t\t\/* see gallery_shortcode() in wp-includes\/media.php *\/\n\t\t<\/style>\n\t\t<div id='gallery-1' class='gallery galleryid-697 gallery-columns-3 gallery-size-medium'><dl class='gallery-item'>\n\t\t\t<dt class='gallery-icon landscape'>\n\t\t\t\t<a href='https:\/\/harmonia-zmyslow.pl\/wp-content\/uploads\/2019\/10\/ju12-2.jpg'><img loading=\"lazy\" decoding=\"async\" width=\"300\" height=\"200\" src=\"https:\/\/harmonia-zmyslow.pl\/wp-content\/uploads\/2019\/10\/ju12-2-300x200.jpg\" class=\"attachment-medium size-medium\" alt=\"\" srcset=\"https:\/\/harmonia-zmyslow.pl\/wp-content\/uploads\/2019\/10\/ju12-2-300x200.jpg 300w, https:\/\/harmonia-zmyslow.pl\/wp-content\/uploads\/2019\/10\/ju12-2-768x512.jpg 768w, https:\/\/harmonia-zmyslow.pl\/wp-content\/uploads\/2019\/10\/ju12-2-1024x683.jpg 1024w\" sizes=\"(max-width: 300px) 100vw, 300px\" \/><\/a>\n\t\t\t<\/dt><\/dl><dl class='gallery-item'>\n\t\t\t<dt class='gallery-icon landscape'>\n\t\t\t\t<a href='https:\/\/harmonia-zmyslow.pl\/wp-content\/uploads\/2019\/10\/ju3-2.jpg'><img loading=\"lazy\" decoding=\"async\" width=\"300\" height=\"200\" src=\"https:\/\/harmonia-zmyslow.pl\/wp-content\/uploads\/2019\/10\/ju3-2-300x200.jpg\" class=\"attachment-medium size-medium\" alt=\"\" srcset=\"https:\/\/harmonia-zmyslow.pl\/wp-content\/uploads\/2019\/10\/ju3-2-300x200.jpg 300w, https:\/\/harmonia-zmyslow.pl\/wp-content\/uploads\/2019\/10\/ju3-2-768x512.jpg 768w, https:\/\/harmonia-zmyslow.pl\/wp-content\/uploads\/2019\/10\/ju3-2-1024x683.jpg 1024w\" sizes=\"(max-width: 300px) 100vw, 300px\" \/><\/a>\n\t\t\t<\/dt><\/dl><dl class='gallery-item'>\n\t\t\t<dt class='gallery-icon landscape'>\n\t\t\t\t<a href='https:\/\/harmonia-zmyslow.pl\/wp-content\/uploads\/2019\/10\/ju2-2.jpg'><img loading=\"lazy\" decoding=\"async\" width=\"300\" height=\"200\" src=\"https:\/\/harmonia-zmyslow.pl\/wp-content\/uploads\/2019\/10\/ju2-2-300x200.jpg\" class=\"attachment-medium size-medium\" alt=\"\" srcset=\"https:\/\/harmonia-zmyslow.pl\/wp-content\/uploads\/2019\/10\/ju2-2-300x200.jpg 300w, https:\/\/harmonia-zmyslow.pl\/wp-content\/uploads\/2019\/10\/ju2-2-768x512.jpg 768w, https:\/\/harmonia-zmyslow.pl\/wp-content\/uploads\/2019\/10\/ju2-2-1024x683.jpg 1024w\" sizes=\"(max-width: 300px) 100vw, 300px\" \/><\/a>\n\t\t\t<\/dt><\/dl><br style=\"clear: both\" \/>\n\t\t<\/div>\n\n<h3 class=\"h2\"><span style=\"font-size: medium;\">Przeciwwskazania:<\/span><\/h3>\n<p>Przed rozpocz\u0119ciem terapii niezb\u0119dny jest szczeg\u00f3\u0142owy wywiad w celu wykluczenia ewentualnych przeciwwskaza\u0144,kt\u00f3rymi s\u0105:<\/p>\n<ul>\n<li>terapie doustne retinoidami\u00a0 oraz izotretinoin\u0105 lub steroidami,<\/li>\n<li>zio\u0142a \u015bwiat\u0142ouczulaj\u0105ce (dziurawiec, nagietek, skrzyp) oraz leki \u015bwiat\u0142ouczulaj\u0105ce (antybiotyki, antydepresyjne),<\/li>\n<li>aktywne infekcje bakteryjne i wirusowe,<\/li>\n<li>nowotwory sk\u00f3ry,<\/li>\n<li>fotodermatozy,<\/li>\n<li>stany zapalne sk\u00f3ry oraz przewlek\u0142e zapalne dermatozy (\u0142uszczyca, atopowe zapalenie sk\u00f3ry),<\/li>\n<li>okres 4 tygodni od wype\u0142niania zmarszczek kwasem hialuronowym,<\/li>\n<li>sk\u00f3ra opalona, stosowanie samoopalaczy lub krem\u00f3w samoopalaj\u0105cych,<\/li>\n<li>niedawne peelingi,<\/li>\n<li>cukrzyca,<\/li>\n<li>ci\u0105\u017ca<\/li>\n<\/ul>\n<\/div>\n<\/div>\n<div class=\"wpb_text_column wpb_content_element \">\n<div class=\"wpb_wrapper\">\n<h3 class=\"h2\"><span style=\"font-size: medium;\">Zalecenia pozabiegowe:<\/span><\/h3>\n<ul>\n<li>przez 1 do 3 dni po zabiegu\u00a0unika\u0107 intensywnych \u0107wicze\u0144<\/li>\n<li>w dniu zabiegu\u00a0nale\u017cy unika\u0107 gor\u0105cych k\u0105pieli<\/li>\n<li>do 3-4 dni po zabiegu\u00a0nale\u017cy zrezygnowa\u0107 z basenu, sauny<\/li>\n<li>do 4 dni po zabiegu\u00a0nie nale\u017cy podra\u017cnia\u0107 sk\u00f3ry preparatami z zawarto\u015bci\u0105 alkoholu, spirytusu (oczyszczenie sk\u00f3ry twarzy delikatnymi preparatami)<\/li>\n<li>oko\u0142o 1-2 tygodnie po zabiegu\u00a0nie stosowa\u0107 peelingu ani zabieg\u00f3w z\u0142uszczaj\u0105cych<\/li>\n<li>2-3 tygodnie po zabiegu\u00a0obowi\u0105zuje bezwzgl\u0119dny zakaz opalania, partie cia\u0142a lub twarzy poddawane zabiegowi chronimy kremem z filtrem SPF 50<\/li>\n<\/ul>\n<\/div>\n<\/div>\n<div class=\"wpb_text_column wpb_content_element \"><\/div>\n<div class=\"wpb_text_column wpb_content_element \">\n<h2><span style=\"font-size: medium;\">CENNIK<\/span><\/h2>\n<table class=\"table\" style=\"height: 270px;\" width=\"414\">\n<thead>\n<tr>\n<th>Partia cia\u0142a<\/th>\n<th>Cena z\u0142<\/th>\n<\/tr>\n<\/thead>\n<tbody>\n<tr>\n<td>oczy<\/td>\n<td>350<\/td>\n<\/tr>\n<tr>\n<td>czo\u0142o<\/td>\n<td>350<\/td>\n<\/tr>\n<tr>\n<td>policzki<\/td>\n<td>450<\/td>\n<\/tr>\n<tr>\n<td>usta (bruzdy nosowo-wargowe + \u017cuchwa)<\/td>\n<td>300<\/td>\n<\/tr>\n<tr>\n<td>twarz<\/td>\n<td>850<\/td>\n<\/tr>\n<tr>\n<td>szyja<\/td>\n<td>499<\/td>\n<\/tr>\n<tr>\n<td>dekolt<\/td>\n<td>799<\/td>\n<\/tr>\n<tr>\n<td>d\u0142onie<\/td>\n<td>599<\/td>\n<\/tr>\n<\/tbody>\n<\/table>\n<p>Pakiety:<\/p>\n<p>Twarz + szyja \u00a0 \u00a0 \u00a0 \u00a0 \u00a0 \u00a0 \u00a0 \u00a0 \u00a0 \u00a0 \u00a0 \u00a0 \u00a0 \u00a0 \u00a0 \u00a0 \u00a0 \u00a0 \u00a0 \u00a0 \u00a0 \u00a0 \u00a0 \u00a0 \u00a0 \u00a0 \u00a0 \u00a0 \u00a01300<\/p>\n<p>Twarz + szyja + dekolt \u00a0 \u00a0 \u00a0 \u00a0 \u00a0 \u00a0 \u00a0 \u00a0 \u00a0 \u00a0 \u00a0 \u00a0 \u00a0 \u00a0 \u00a0 \u00a0 \u00a0 \u00a0 \u00a0 \u00a0 \u00a0 2050<\/p>\n<p>Usuwanie blizn, rozst\u0119p\u00f3w- cena ustalana indywidualnie 4-10 z\u0142 za jeden impuls<\/p>\n<p>Efekt przed i po zabiegu:<\/p>\n<\/div>\n<p><img loading=\"lazy\" decoding=\"async\" class=\"alignnone size-medium wp-image-698\" src=\"http:\/\/harmonia-zmyslow.pl\/wp-content\/uploads\/2019\/10\/odmladzanie-1-300x171.jpg\" alt=\"odmladzanie-1\" width=\"300\" height=\"171\" srcset=\"https:\/\/harmonia-zmyslow.pl\/wp-content\/uploads\/2019\/10\/odmladzanie-1-300x171.jpg 300w, https:\/\/harmonia-zmyslow.pl\/wp-content\/uploads\/2019\/10\/odmladzanie-1-768x437.jpg 768w, https:\/\/harmonia-zmyslow.pl\/wp-content\/uploads\/2019\/10\/odmladzanie-1.jpg 960w\" sizes=\"(max-width: 300px) 100vw, 300px\" \/><\/p>\n<p><img loading=\"lazy\" decoding=\"async\" class=\"alignnone wp-image-699\" src=\"http:\/\/harmonia-zmyslow.pl\/wp-content\/uploads\/2019\/10\/odmladzanie-2-300x165.jpg\" alt=\"odmladzanie-2\" width=\"298\" height=\"164\" srcset=\"https:\/\/harmonia-zmyslow.pl\/wp-content\/uploads\/2019\/10\/odmladzanie-2-300x165.jpg 300w, https:\/\/harmonia-zmyslow.pl\/wp-content\/uploads\/2019\/10\/odmladzanie-2-768x423.jpg 768w, https:\/\/harmonia-zmyslow.pl\/wp-content\/uploads\/2019\/10\/odmladzanie-2.jpg 835w\" sizes=\"(max-width: 298px) 100vw, 298px\" \/><\/p>\n<p><img loading=\"lazy\" decoding=\"async\" class=\"alignnone size-medium wp-image-700\" src=\"http:\/\/harmonia-zmyslow.pl\/wp-content\/uploads\/2019\/10\/emerge-przed-i-po-300x195.jpg\" alt=\"emerge-przed-i-po\" width=\"300\" height=\"195\" srcset=\"https:\/\/harmonia-zmyslow.pl\/wp-content\/uploads\/2019\/10\/emerge-przed-i-po-300x195.jpg 300w, https:\/\/harmonia-zmyslow.pl\/wp-content\/uploads\/2019\/10\/emerge-przed-i-po-768x498.jpg 768w, https:\/\/harmonia-zmyslow.pl\/wp-content\/uploads\/2019\/10\/emerge-przed-i-po.jpg 960w\" sizes=\"(max-width: 300px) 100vw, 300px\" \/><\/p>\n<p><img loading=\"lazy\" decoding=\"async\" class=\"alignnone size-medium wp-image-701\" src=\"http:\/\/harmonia-zmyslow.pl\/wp-content\/uploads\/2019\/10\/03-A-foto-do-naglowka-300x142.png\" alt=\"03-A-foto-do-naglowka\" width=\"300\" height=\"142\" srcset=\"https:\/\/harmonia-zmyslow.pl\/wp-content\/uploads\/2019\/10\/03-A-foto-do-naglowka-300x142.png 300w, https:\/\/harmonia-zmyslow.pl\/wp-content\/uploads\/2019\/10\/03-A-foto-do-naglowka.png 680w\" sizes=\"(max-width: 300px) 100vw, 300px\" \/><\/p>\n","protected":false},"excerpt":{"rendered":"<p>Jak dzia\u0142a laser Emerge&#x2122;? Zabieg oddzia\u0142uje na popraw\u0119 g\u0119sto\u015bci sk\u00f3ry, skutecznie redukuje drobne zmarszczki. Usuwa i redukuje powierzchniowe niedoskona\u0142o\u015bci sk\u00f3ry. Jest bezpieczny, nie narusza otaczaj\u0105cych tkanek ani naczy\u0144 krwiono\u015bnych. Dzia\u0142anie lasera Emerge&#x2122; powoduje g\u0142\u0119bok\u0105 regeneracj\u0119 sk\u00f3ry. Laser ten wykonuje resurfacing, stosuj\u0105c energi\u0119 w postaci mikrowi\u0105zek \u015bwiat\u0142a, kt\u00f3re w kontrolowany spos\u00f3b uszkadzaj\u0105 wybrane obszary nask\u00f3rka i [&hellip;]<\/p>\n","protected":false},"author":1,"featured_media":0,"parent":0,"menu_order":0,"comment_status":"closed","ping_status":"closed","template":"","meta":{"_et_pb_use_builder":"","_et_pb_old_content":"","_et_gb_content_width":"","footnotes":""},"_links":{"self":[{"href":"https:\/\/harmonia-zmyslow.pl\/index.php\/wp-json\/wp\/v2\/pages\/697"}],"collection":[{"href":"https:\/\/harmonia-zmyslow.pl\/index.php\/wp-json\/wp\/v2\/pages"}],"about":[{"href":"https:\/\/harmonia-zmyslow.pl\/index.php\/wp-json\/wp\/v2\/types\/page"}],"author":[{"embeddable":true,"href":"https:\/\/harmonia-zmyslow.pl\/index.php\/wp-json\/wp\/v2\/users\/1"}],"replies":[{"embeddable":true,"href":"https:\/\/harmonia-zmyslow.pl\/index.php\/wp-json\/wp\/v2\/comments?post=697"}],"version-history":[{"count":3,"href":"https:\/\/harmonia-zmyslow.pl\/index.php\/wp-json\/wp\/v2\/pages\/697\/revisions"}],"predecessor-version":[{"id":795,"href":"https:\/\/harmonia-zmyslow.pl\/index.php\/wp-json\/wp\/v2\/pages\/697\/revisions\/795"}],"wp:attachment":[{"href":"https:\/\/harmonia-zmyslow.pl\/index.php\/wp-json\/wp\/v2\/media?parent=697"}],"curies":[{"name":"wp","href":"https:\/\/api.w.org\/{rel}","templated":true}]}}