{"id":1243,"date":"2025-11-11T14:01:08","date_gmt":"2025-11-11T13:01:08","guid":{"rendered":"https:\/\/harmonia-zmyslow.pl\/?page_id=1243"},"modified":"2025-11-11T14:53:38","modified_gmt":"2025-11-11T13:53:38","slug":"1243-2","status":"publish","type":"page","link":"https:\/\/harmonia-zmyslow.pl\/index.php\/1243-2\/","title":{"rendered":""},"content":{"rendered":"<p>[et_pb_section fb_built=&#8221;1&#8243; fullwidth=&#8221;on&#8221; _builder_version=&#8221;4.23.3&#8243; _module_preset=&#8221;default&#8221; global_colors_info=&#8221;{}&#8221;][et_pb_fullwidth_header _builder_version=&#8221;4.23.3&#8243; _module_preset=&#8221;default&#8221; background_color=&#8221;#008e58&#8243; custom_margin=&#8221;||-45px|||&#8221; custom_padding=&#8221;50px|||||&#8221; global_colors_info=&#8221;{}&#8221;][\/et_pb_fullwidth_header][\/et_pb_section][et_pb_section fb_built=&#8221;1&#8243; _builder_version=&#8221;4.23.3&#8243; _module_preset=&#8221;default&#8221; min_height=&#8221;225.1px&#8221; global_colors_info=&#8221;{}&#8221; custom_padding=&#8221;6px|||||&#8221;][et_pb_row _builder_version=&#8221;4.23.3&#8243; _module_preset=&#8221;default&#8221; custom_margin=&#8221;1px|auto||auto||&#8221; custom_padding=&#8221;0px|||||&#8221; global_colors_info=&#8221;{}&#8221;][et_pb_column type=&#8221;4_4&#8243; _builder_version=&#8221;4.23.3&#8243; _module_preset=&#8221;default&#8221; global_colors_info=&#8221;{}&#8221;][et_pb_text _builder_version=&#8221;4.23.3&#8243; _module_preset=&#8221;default&#8221; global_colors_info=&#8221;{}&#8221;]<\/p>\n<h2 data-start=\"172\" data-end=\"243\"><span>Oczyszczanie wodorowe \u2013 nowoczesny zabieg dla \u015bwie\u017cej i zdrowej sk\u00f3ry<\/span><\/h2>\n<p data-start=\"364\" data-end=\"700\"><strong data-start=\"364\" data-end=\"389\">Oczyszczanie wodorowe<\/strong> to <strong data-start=\"393\" data-end=\"442\">nieinwazyjny, bezbolesny zabieg piel\u0119gnacyjny<\/strong>, kt\u00f3ry wykorzystuje <strong data-start=\"463\" data-end=\"480\">aktywny wod\u00f3r<\/strong> \u2013 najmniejszy i najskuteczniejszy przeciwutleniacz. Cz\u0105steczki wodoru wnikaj\u0105 g\u0142\u0119boko w sk\u00f3r\u0119, <strong data-start=\"576\" data-end=\"607\">neutralizuj\u0105c wolne rodniki<\/strong> odpowiedzialne za starzenie, a jednocze\u015bnie <strong data-start=\"652\" data-end=\"697\">usuwaj\u0105 toksyny, sebum i zanieczyszczenia<\/strong>.<\/p>\n<p data-start=\"702\" data-end=\"1001\">Zabieg \u0142\u0105czy w sobie <strong data-start=\"723\" data-end=\"775\">eksfoliacj\u0119, dotlenienie i intensywne nawil\u017cenie<\/strong>, dzi\u0119ki czemu sk\u00f3ra staje si\u0119 czysta, promienna i pe\u0142na blasku. Mo\u017ce by\u0107 wykonywany <strong data-start=\"860\" data-end=\"878\">przez ca\u0142y rok<\/strong>, r\u00f3wnie\u017c u os\u00f3b z <strong data-start=\"897\" data-end=\"927\">cer\u0105 wra\u017cliw\u0105 i naczynkow\u0105<\/strong>, poniewa\u017c nie powoduje podra\u017cnie\u0144 i nie wymaga okresu rekonwalescencji.<\/p>\n<p>[\/et_pb_text][\/et_pb_column][\/et_pb_row][\/et_pb_section][et_pb_section fb_built=&#8221;1&#8243; fullwidth=&#8221;on&#8221; _builder_version=&#8221;4.23.3&#8243; _module_preset=&#8221;default&#8221; global_colors_info=&#8221;{}&#8221;][et_pb_fullwidth_image src=&#8221;http:\/\/harmonia-zmyslow.pl\/wp-content\/uploads\/2025\/11\/17e7887e-143e-4246-96c0-164b57d26d73-2.jpg&#8221; _builder_version=&#8221;4.23.3&#8243; _module_preset=&#8221;default&#8221; min_height=&#8221;50px&#8221; custom_margin=&#8221;-4px|||||&#8221; hover_enabled=&#8221;0&#8243; global_colors_info=&#8221;{}&#8221; title_text=&#8221;17e7887e-143e-4246-96c0-164b57d26d73 2&#8243; sticky_enabled=&#8221;0&#8243;][\/et_pb_fullwidth_image][\/et_pb_section][et_pb_section fb_built=&#8221;1&#8243; _builder_version=&#8221;4.23.3&#8243; _module_preset=&#8221;default&#8221; custom_padding=&#8221;0px||0px|||&#8221; global_colors_info=&#8221;{}&#8221;][et_pb_row _builder_version=&#8221;4.23.3&#8243; _module_preset=&#8221;default&#8221; min_height=&#8221;237px&#8221; global_colors_info=&#8221;{}&#8221;][et_pb_column type=&#8221;4_4&#8243; _builder_version=&#8221;4.23.3&#8243; _module_preset=&#8221;default&#8221; global_colors_info=&#8221;{}&#8221;][et_pb_text _builder_version=&#8221;4.23.3&#8243; _module_preset=&#8221;default&#8221; global_colors_info=&#8221;{}&#8221;]<\/p>\n<h2 data-start=\"707\" data-end=\"746\"><span>Jak przebiega zabieg oczyszczania wodorowego<\/span>?<strong data-start=\"751\" data-end=\"779\"><\/strong><\/h2>\n<p>&nbsp;<\/p>\n<ol>\n<li data-start=\"1066\" data-end=\"1220\"><strong data-start=\"1066\" data-end=\"1101\">Demakija\u017c i przygotowanie sk\u00f3ry<\/strong> \u2013 dok\u0142adne oczyszczenie twarzy z makija\u017cu i zanieczyszcze\u0144 oraz delikatny peeling usuwaj\u0105cy martwe kom\u00f3rki nask\u00f3rka.<\/li>\n<li data-start=\"1224\" data-end=\"1367\"><strong data-start=\"1224\" data-end=\"1254\">Aplikacja aktywnego wodoru<\/strong> \u2013 przy u\u017cyciu specjalnego urz\u0105dzenia wod\u00f3r podawany jest pod ci\u015bnieniem, by dotrze\u0107 do g\u0142\u0119bszych warstw sk\u00f3ry.<\/li>\n<li data-start=\"1371\" data-end=\"1515\"><strong data-start=\"1371\" data-end=\"1405\">Neutralizacja wolnych rodnik\u00f3w<\/strong> \u2013 wod\u00f3r \u0142\u0105czy si\u0119 z wolnymi rodnikami tlenowymi, chroni\u0105c kom\u00f3rki przed uszkodzeniami i procesem starzenia.<\/li>\n<li data-start=\"1519\" data-end=\"1657\"><strong data-start=\"1519\" data-end=\"1547\">Dotlenienie i od\u017cywienie<\/strong> \u2013 sk\u00f3ra zostaje dok\u0142adnie oczyszczona, pory zw\u0119\u017cone, a cera odzyskuje \u015bwie\u017co\u015b\u0107, nawil\u017cenie i zdrowy wygl\u0105d.<\/li>\n<\/ol>\n<p>[\/et_pb_text][\/et_pb_column][\/et_pb_row][\/et_pb_section][et_pb_section fb_built=&#8221;1&#8243; fullwidth=&#8221;on&#8221; _builder_version=&#8221;4.23.3&#8243; _module_preset=&#8221;default&#8221; custom_margin=&#8221;-18px|||||&#8221; global_colors_info=&#8221;{}&#8221;][et_pb_fullwidth_header title=&#8221;Dla kogo?&#8221; _builder_version=&#8221;4.23.3&#8243; _module_preset=&#8221;default&#8221; background_color=&#8221;#008e58&#8243; custom_margin=&#8221;-5px|||||&#8221; custom_padding=&#8221;37px|||||&#8221; global_colors_info=&#8221;{}&#8221;]<\/p>\n<h2 data-start=\"1169\" data-end=\"1186\"><\/h2>\n<p data-start=\"1708\" data-end=\"1774\">Oczyszczanie wodorowe polecane jest osobom, kt\u00f3re zmagaj\u0105 si\u0119 z:<\/p>\n<ul data-start=\"1775\" data-end=\"1981\">\n<li data-start=\"1775\" data-end=\"1817\">\n<p data-start=\"1777\" data-end=\"1817\">cer\u0105 <strong data-start=\"1782\" data-end=\"1814\">zm\u0119czon\u0105 i pozbawion\u0105 blasku<\/strong>,<\/p>\n<\/li>\n<li data-start=\"1818\" data-end=\"1882\">\n<p data-start=\"1820\" data-end=\"1882\"><strong data-start=\"1820\" data-end=\"1879\">zanieczyszczeniami, rozszerzonymi porami i zask\u00f3rnikami<\/strong>,<\/p>\n<\/li>\n<li data-start=\"1883\" data-end=\"1938\">\n<p data-start=\"1885\" data-end=\"1938\"><strong data-start=\"1885\" data-end=\"1935\">cer\u0105 tr\u0105dzikow\u0105 lub sk\u0142onn\u0105 do niedoskona\u0142o\u015bci<\/strong>,<\/p>\n<\/li>\n<li data-start=\"1939\" data-end=\"1981\">\n<p data-start=\"1941\" data-end=\"1981\">nier\u00f3wnym kolorytem i nadmiarem sebum.<\/p>\n<\/li>\n<\/ul>\n<p data-start=\"1983\" data-end=\"2061\">Zabieg doskonale sprawdzi si\u0119 zar\u00f3wno u kobiet, jak i m\u0119\u017cczyzn w ka\u017cdym wieku.<\/p>\n<p>[\/et_pb_fullwidth_header][\/et_pb_section][et_pb_section fb_built=&#8221;1&#8243; fullwidth=&#8221;on&#8221; _builder_version=&#8221;4.23.3&#8243; _module_preset=&#8221;default&#8221; global_colors_info=&#8221;{}&#8221;][et_pb_fullwidth_header title=&#8221;Efekty i zalety zabiegu&#8221; _builder_version=&#8221;4.23.3&#8243; _module_preset=&#8221;default&#8221; background_color=&#8221;#FFFFFF&#8221; background_layout=&#8221;light&#8221; custom_margin=&#8221;21px|||||&#8221; custom_padding=&#8221;0px|||||&#8221; global_colors_info=&#8221;{}&#8221;]<\/p>\n<ul>\n<li data-start=\"2103\" data-end=\"2146\">\n<p data-start=\"2105\" data-end=\"2146\">dog\u0142\u0119bne oczyszczenie i zw\u0119\u017cenie por\u00f3w,<\/p>\n<\/li>\n<li data-start=\"2147\" data-end=\"2191\">\n<p data-start=\"2149\" data-end=\"2191\">redukcja zask\u00f3rnik\u00f3w i stan\u00f3w zapalnych,<\/p>\n<\/li>\n<li data-start=\"2192\" data-end=\"2222\">\n<p data-start=\"2194\" data-end=\"2222\">wyr\u00f3wnanie kolorytu sk\u00f3ry,<\/p>\n<\/li>\n<li data-start=\"2223\" data-end=\"2262\">\n<p data-start=\"2225\" data-end=\"2262\">poprawa elastyczno\u015bci i nawil\u017cenia,<\/p>\n<\/li>\n<li data-start=\"2263\" data-end=\"2299\">\n<p data-start=\"2265\" data-end=\"2299\">spowolnienie proces\u00f3w starzenia,<\/p>\n<\/li>\n<li data-start=\"2300\" data-end=\"2336\">\n<p data-start=\"2302\" data-end=\"2336\">wyg\u0142adzenie drobnych zmarszczek,<\/p>\n<\/li>\n<li data-start=\"2337\" data-end=\"2388\">\n<p data-start=\"2339\" data-end=\"2388\">natychmiastowy efekt \u015bwie\u017co\u015bci i roz\u015bwietlenia.<\/p>\n<\/li>\n<\/ul>\n<p>[\/et_pb_fullwidth_header][et_pb_fullwidth_header title=&#8221;Przeciwwskazania do zabiegu oczyszczania wodorowego&#8221; _builder_version=&#8221;4.23.3&#8243; _module_preset=&#8221;default&#8221; background_color=&#8221;#008e58&#8243; custom_margin=&#8221;-5px|||||&#8221; custom_padding=&#8221;37px||0px|||&#8221; hover_enabled=&#8221;0&#8243; global_colors_info=&#8221;{}&#8221; sticky_enabled=&#8221;0&#8243;]<\/p>\n<h2 data-start=\"1169\" data-end=\"1186\"><\/h2>\n<p data-start=\"2456\" data-end=\"2585\">Cho\u0107 zabieg jest bezpieczny i \u0142agodny, w niekt\u00f3rych przypadkach nie powinien by\u0107 wykonywany. Do g\u0142\u00f3wnych przeciwwskaza\u0144 nale\u017c\u0105:<\/p>\n<ul data-start=\"2586\" data-end=\"2904\">\n<li data-start=\"2586\" data-end=\"2623\">\n<p data-start=\"2588\" data-end=\"2623\">aktywne choroby i infekcje sk\u00f3ry,<\/p>\n<\/li>\n<li data-start=\"2624\" data-end=\"2656\">\n<p data-start=\"2626\" data-end=\"2656\">opryszczka w fazie aktywnej,<\/p>\n<\/li>\n<li data-start=\"2657\" data-end=\"2692\">\n<p data-start=\"2659\" data-end=\"2692\">tr\u0105dzik zapalny w fazie ostrej,<\/p>\n<\/li>\n<li data-start=\"2693\" data-end=\"2736\">\n<p data-start=\"2695\" data-end=\"2736\">rozrusznik serca lub metalowe implanty,<\/p>\n<\/li>\n<li data-start=\"2737\" data-end=\"2775\">\n<p data-start=\"2739\" data-end=\"2775\">nadwra\u017cliwo\u015b\u0107 na pr\u0105d elektryczny,<\/p>\n<\/li>\n<li data-start=\"2776\" data-end=\"2812\">\n<p data-start=\"2778\" data-end=\"2812\">ci\u0105\u017ca i okres karmienia piersi\u0105,<\/p>\n<\/li>\n<li data-start=\"2813\" data-end=\"2859\">\n<p data-start=\"2815\" data-end=\"2859\">sk\u0142onno\u015b\u0107 do silnych reakcji alergicznych,<\/p>\n<\/li>\n<li data-start=\"2860\" data-end=\"2904\">\n<p data-start=\"2862\" data-end=\"2904\">przewlek\u0142e choroby w stanie zaostrzenia.<\/p>\n<\/li>\n<\/ul>\n<p>[\/et_pb_fullwidth_header][\/et_pb_section][et_pb_section fb_built=&#8221;1&#8243; _builder_version=&#8221;4.23.3&#8243; _module_preset=&#8221;default&#8221; min_height=&#8221;98px&#8221; custom_padding=&#8221;0px|||||&#8221; global_colors_info=&#8221;{}&#8221;][et_pb_row _builder_version=&#8221;4.23.3&#8243; _module_preset=&#8221;default&#8221; module_alignment=&#8221;center&#8221; min_height=&#8221;102.4px&#8221; global_colors_info=&#8221;{}&#8221;][et_pb_column type=&#8221;4_4&#8243; _builder_version=&#8221;4.23.3&#8243; _module_preset=&#8221;default&#8221; global_colors_info=&#8221;{}&#8221;][et_pb_button button_url=&#8221;tel:+48604156054&#8243; button_text=&#8221;um\u00f3w si\u0119 na wizyt\u0119&#8221; button_alignment=&#8221;center&#8221; _builder_version=&#8221;4.23.3&#8243; _module_preset=&#8221;default&#8221; custom_button=&#8221;on&#8221; button_text_color=&#8221;#FFFFFF&#8221; button_bg_color=&#8221;#008e58&#8243; background_layout=&#8221;dark&#8221; global_colors_info=&#8221;{}&#8221;][\/et_pb_button][\/et_pb_column][\/et_pb_row][\/et_pb_section][et_pb_section fb_built=&#8221;1&#8243; _builder_version=&#8221;4.23.3&#8243; _module_preset=&#8221;default&#8221; custom_margin=&#8221;-101px|||||&#8221; global_colors_info=&#8221;{}&#8221;][et_pb_row column_structure=&#8221;1_2,1_2&#8243; _builder_version=&#8221;4.23.3&#8243; _module_preset=&#8221;default&#8221; global_colors_info=&#8221;{}&#8221;][et_pb_column type=&#8221;1_2&#8243; _builder_version=&#8221;4.23.3&#8243; _module_preset=&#8221;default&#8221; global_colors_info=&#8221;{}&#8221;][et_pb_blurb title=&#8221;czas zabiegu&#8221; use_icon=&#8221;on&#8221; font_icon=&#8221;&#x7d;||divi||400&#8243; icon_color=&#8221;#008e58&#8243; _builder_version=&#8221;4.23.3&#8243; _module_preset=&#8221;default&#8221; header_text_align=&#8221;center&#8221; global_colors_info=&#8221;{}&#8221;]<\/p>\n<p style=\"text-align: center;\">60 min<\/p>\n<p>[\/et_pb_blurb][\/et_pb_column][et_pb_column type=&#8221;1_2&#8243; _builder_version=&#8221;4.23.3&#8243; _module_preset=&#8221;default&#8221; global_colors_info=&#8221;{}&#8221;][et_pb_blurb title=&#8221;cena&#8221; use_icon=&#8221;on&#8221; font_icon=&#8221;&#xe100;||divi||400&#8243; icon_color=&#8221;#008e58&#8243; _builder_version=&#8221;4.23.3&#8243; _module_preset=&#8221;default&#8221; header_text_align=&#8221;center&#8221; global_colors_info=&#8221;{}&#8221;]<\/p>\n<div style=\"text-align: center;\">Oczyszczanie podstawowe<\/div>\n<div style=\"text-align: center;\">(eksfoliacja, peeling kawitacyjny, oczyszczanie wodorowe, maska)<\/div>\n<div style=\"text-align: center;\"><strong>250 z\u0142<\/strong><\/div>\n<div><\/div>\n<div style=\"text-align: center;\">oczyszczanie rozszerzone<\/div>\n<div style=\"text-align: center;\">(eksfoliacja, peeling kawitacyjny, oczyszczanie wodorowe, infuzja tlenowa\/ ultrad\u017awi\u0119ki, maska\/ maska hydro\u017celowa)<\/div>\n<div style=\"text-align: center;\">\u00a0<strong>350 z\u0142<\/strong><\/div>\n<p>[\/et_pb_blurb][\/et_pb_column][\/et_pb_row][\/et_pb_section]<\/p>\n","protected":false},"excerpt":{"rendered":"<p>Oczyszczanie wodorowe \u2013 nowoczesny zabieg dla \u015bwie\u017cej i zdrowej sk\u00f3ry Oczyszczanie wodorowe to nieinwazyjny, bezbolesny zabieg piel\u0119gnacyjny, kt\u00f3ry wykorzystuje aktywny wod\u00f3r \u2013 najmniejszy i najskuteczniejszy przeciwutleniacz. Cz\u0105steczki wodoru wnikaj\u0105 g\u0142\u0119boko w sk\u00f3r\u0119, neutralizuj\u0105c wolne rodniki odpowiedzialne za starzenie, a jednocze\u015bnie usuwaj\u0105 toksyny, sebum i zanieczyszczenia. Zabieg \u0142\u0105czy w sobie eksfoliacj\u0119, dotlenienie i intensywne nawil\u017cenie, dzi\u0119ki [&hellip;]<\/p>\n","protected":false},"author":1,"featured_media":0,"parent":0,"menu_order":0,"comment_status":"closed","ping_status":"closed","template":"","meta":{"_et_pb_use_builder":"on","_et_pb_old_content":"","_et_gb_content_width":"","footnotes":""},"_links":{"self":[{"href":"https:\/\/harmonia-zmyslow.pl\/index.php\/wp-json\/wp\/v2\/pages\/1243"}],"collection":[{"href":"https:\/\/harmonia-zmyslow.pl\/index.php\/wp-json\/wp\/v2\/pages"}],"about":[{"href":"https:\/\/harmonia-zmyslow.pl\/index.php\/wp-json\/wp\/v2\/types\/page"}],"author":[{"embeddable":true,"href":"https:\/\/harmonia-zmyslow.pl\/index.php\/wp-json\/wp\/v2\/users\/1"}],"replies":[{"embeddable":true,"href":"https:\/\/harmonia-zmyslow.pl\/index.php\/wp-json\/wp\/v2\/comments?post=1243"}],"version-history":[{"count":8,"href":"https:\/\/harmonia-zmyslow.pl\/index.php\/wp-json\/wp\/v2\/pages\/1243\/revisions"}],"predecessor-version":[{"id":1291,"href":"https:\/\/harmonia-zmyslow.pl\/index.php\/wp-json\/wp\/v2\/pages\/1243\/revisions\/1291"}],"wp:attachment":[{"href":"https:\/\/harmonia-zmyslow.pl\/index.php\/wp-json\/wp\/v2\/media?parent=1243"}],"curies":[{"name":"wp","href":"https:\/\/api.w.org\/{rel}","templated":true}]}}